{"id":2189,"date":"2014-05-01T12:07:28","date_gmt":"2014-05-01T12:07:28","guid":{"rendered":"http:\/\/themes.muffingroup.com\/betheme\/?post_type=portfolio&#038;p=2189"},"modified":"2021-08-05T06:45:25","modified_gmt":"2021-08-05T06:45:25","slug":"aliquam-eratac","status":"publish","type":"portfolio","link":"https:\/\/restauranteplazacanalla.es\/fr\/portfolio-item\/aliquam-eratac\/","title":{"rendered":"Alicante, ville d'exp\u00e9riences"},"content":{"rendered":"<h1 class=\"wp-block-heading\">ALICANTE<\/h1>\n\n\n\n<h2 class=\"wp-block-heading\">UN DES MEILLEURS ENDROITS POUR VIVRE<\/h2>\n\n\n\n<p class=\"translation-block\">En 2020 l'Expat City Ranking, une des \u00e9tudes plus connues au monde sur la vie et le travail \u00e0 l'\u00e9tranger, a publi\u00e9 que Valence, Alicante, Malaga et Madrid figurent parmi les 10 meilleures villes au monde o\u00f9 vivre.<\/p>\n\n\n\n<h4 class=\"wp-block-heading\">Pourquoi?<\/h4>\n\n\n\n<h2 class=\"wp-block-heading\"><br><strong>LE CLIMAT<\/strong><\/h2>\n\n\n\n<p>Si quelque chose d\u00e9finit Alicante, c'est le climat. Mais le climat par soi-m\u00eame ne d\u00e9finit pas le bien-\u00eatre, mais tout ce que le climat nous permet de faire, et en Alicante c'est tout ce que nous pouvons faire \u00e0 l'ext\u00e9rieur presque toute l'ann\u00e9e .<\/p>\n\n\n\n<figure class=\"wp-block-image size-large\"><img loading=\"lazy\" decoding=\"async\" width=\"1024\" height=\"361\" src=\"http:\/\/restauranteplazacanalla.es\/wp-content\/uploads\/2014\/05\/plaza-AdobeStock_62286820-1024x683-1.jpg\" alt=\"\" class=\"wp-image-2578\" srcset=\"https:\/\/restauranteplazacanalla.es\/wp-content\/uploads\/2014\/05\/plaza-AdobeStock_62286820-1024x683-1.jpg 1024w, https:\/\/restauranteplazacanalla.es\/wp-content\/uploads\/2014\/05\/plaza-AdobeStock_62286820-1024x683-1-300x106.jpg 300w, https:\/\/restauranteplazacanalla.es\/wp-content\/uploads\/2014\/05\/plaza-AdobeStock_62286820-1024x683-1-768x271.jpg 768w, https:\/\/restauranteplazacanalla.es\/wp-content\/uploads\/2014\/05\/plaza-AdobeStock_62286820-1024x683-1-260x92.jpg 260w, https:\/\/restauranteplazacanalla.es\/wp-content\/uploads\/2014\/05\/plaza-AdobeStock_62286820-1024x683-1-50x18.jpg 50w, https:\/\/restauranteplazacanalla.es\/wp-content\/uploads\/2014\/05\/plaza-AdobeStock_62286820-1024x683-1-150x53.jpg 150w, https:\/\/restauranteplazacanalla.es\/wp-content\/uploads\/2014\/05\/plaza-AdobeStock_62286820-1024x683-1-600x212.jpg 600w\" sizes=\"auto, (max-width: 1024px) 100vw, 1024px\" \/><\/figure>\n\n\n\n<p>Peut-\u00eatre c\u2019est une \u00e9vidence pour les personnes che vivent ici, mais l'ann\u00e9e derni\u00e8re, j'ai rencontr\u00e9 une Galicienne qui a choisi Alicante, alors c'est \u00e0 travers les yeux des visitants qui nous choisissent que nous la chance qu\u2019on a di vivre ici. Voulez-vous savoir qu'est-ce qu'elle m'a dit? Suivez le lien...<\/p>\n\n\n\n<h2 class=\"wp-block-heading\"><strong>L'EMPLACEMENT<\/strong><\/h2>\n\n\n\n<p class=\"translation-block\">Alicante est un lieu strat\u00e9gique. Il a un port apour le tourisme, les \u00e9v\u00e9nements maritimes et la capacit\u00e9 pour les marchandises. Un a\u00e9roport qui devient le 4\u00e8me d'Espagne en transit de voyageurs et la porte de la deuxi\u00e8me r\u00e9sidence europ\u00e9enne et du tourisme soleil et plage. Une gare AVE qui place Alicante \u00e0 seulement deux heures et demie de la capitale espagnole. C\u2019est un point de rep\u00e8re de l'autoroute A7, \u00e9pine dorsale du transport routier m\u00e9diterran\u00e9en.<\/p>\n\n\n\n<h2 class=\"wp-block-heading\"><strong>DES INFRASTRUCTURES<\/strong><\/h2>\n\n\n\n<p>Des magnifiques h\u00f4tels, un restaurant \u00e9mergent et identitaire et d'autres services indirects, d\u00e9finissent la ville d'Alicante comme un lieu id\u00e9al pour profiter du s\u00e9jour de vacances et s'\u00e9tablir comme une base de connexion pour des exp\u00e9riences inoubliables, \u00e0 l'int\u00e9rieur et \u00e0 l'ext\u00e9rieur de la ville.&nbsp;&nbsp;<\/p>\n\n\n\n<figure class=\"wp-block-image size-large\"><img loading=\"lazy\" decoding=\"async\" width=\"1024\" height=\"361\" src=\"http:\/\/restauranteplazacanalla.es\/wp-content\/uploads\/2014\/05\/ALicante-night.jpg\" alt=\"\" class=\"wp-image-2581\" srcset=\"https:\/\/restauranteplazacanalla.es\/wp-content\/uploads\/2014\/05\/ALicante-night.jpg 1024w, https:\/\/restauranteplazacanalla.es\/wp-content\/uploads\/2014\/05\/ALicante-night-300x106.jpg 300w, https:\/\/restauranteplazacanalla.es\/wp-content\/uploads\/2014\/05\/ALicante-night-768x271.jpg 768w, https:\/\/restauranteplazacanalla.es\/wp-content\/uploads\/2014\/05\/ALicante-night-260x92.jpg 260w, https:\/\/restauranteplazacanalla.es\/wp-content\/uploads\/2014\/05\/ALicante-night-50x18.jpg 50w, https:\/\/restauranteplazacanalla.es\/wp-content\/uploads\/2014\/05\/ALicante-night-150x53.jpg 150w, https:\/\/restauranteplazacanalla.es\/wp-content\/uploads\/2014\/05\/ALicante-night-600x212.jpg 600w\" sizes=\"auto, (max-width: 1024px) 100vw, 1024px\" \/><\/figure>\n\n\n\n<h2 class=\"wp-block-heading\"><strong>EXP\u00c9RIENCES<\/strong><\/h2>\n\n\n\n<p>Alicante se distingue par son offre de loisirs : r\u00e9cr\u00e9ative, gastronomique, shopping... Alicante est belle, mais sa r\u00e9gion l'est encore plus.\n\n Alicante est entour\u00e9e de plages inoubliables, des montagnes surprenants (en fait, est la 2\u00e8me province la plus montagneuse d'Espagne), les parcs de loisirs de Benidorm etc. Dans Alicante tu vivras de lieux et d'exp\u00e9riences de qualit\u00e9 que peu connaissent.<\/p>\n\n\n\n<figure class=\"wp-block-image size-large\"><img loading=\"lazy\" decoding=\"async\" width=\"1024\" height=\"361\" src=\"http:\/\/restauranteplazacanalla.es\/wp-content\/uploads\/2014\/05\/moraira-.jpg\" alt=\"\" class=\"wp-image-2576\" srcset=\"https:\/\/restauranteplazacanalla.es\/wp-content\/uploads\/2014\/05\/moraira-.jpg 1024w, https:\/\/restauranteplazacanalla.es\/wp-content\/uploads\/2014\/05\/moraira--300x106.jpg 300w, https:\/\/restauranteplazacanalla.es\/wp-content\/uploads\/2014\/05\/moraira--768x271.jpg 768w, https:\/\/restauranteplazacanalla.es\/wp-content\/uploads\/2014\/05\/moraira--260x92.jpg 260w, https:\/\/restauranteplazacanalla.es\/wp-content\/uploads\/2014\/05\/moraira--50x18.jpg 50w, https:\/\/restauranteplazacanalla.es\/wp-content\/uploads\/2014\/05\/moraira--150x53.jpg 150w, https:\/\/restauranteplazacanalla.es\/wp-content\/uploads\/2014\/05\/moraira--600x212.jpg 600w\" sizes=\"auto, (max-width: 1024px) 100vw, 1024px\" \/><\/figure>\n\n\n\n<p>\u2026.<\/p>\n\n\n\n<p>Sur la Plaza Canalla, nous voulons apporter notre petit grain de sable et servir de base pour recommander les grandes valeurs touristiques de la ville qui nous a donn\u00e9 tant des choses.<\/p>","protected":false},"excerpt":{"rendered":"<p>ALICANTE UNO DE LOS MEJORES LUGARES PARA VIVIR El Expat City Ranking, uno de los estudios m\u00e1s extensos en el mundo sobre vivir y trabajar en<span class=\"excerpt-hellip\"> [\u2026]<\/span><\/p>\n","protected":false},"author":1,"featured_media":2394,"menu_order":0,"comment_status":"closed","ping_status":"closed","template":"","meta":[],"portfolio-types":[2,47],"class_list":["post-2189","portfolio","type-portfolio","status-publish","has-post-thumbnail","hentry","portfolio-types-diamonds","portfolio-types-lugar"],"_links":{"self":[{"href":"https:\/\/restauranteplazacanalla.es\/fr\/wp-json\/wp\/v2\/portfolio\/2189","targetHints":{"allow":["GET"]}}],"collection":[{"href":"https:\/\/restauranteplazacanalla.es\/fr\/wp-json\/wp\/v2\/portfolio"}],"about":[{"href":"https:\/\/restauranteplazacanalla.es\/fr\/wp-json\/wp\/v2\/types\/portfolio"}],"author":[{"embeddable":true,"href":"https:\/\/restauranteplazacanalla.es\/fr\/wp-json\/wp\/v2\/users\/1"}],"replies":[{"embeddable":true,"href":"https:\/\/restauranteplazacanalla.es\/fr\/wp-json\/wp\/v2\/comments?post=2189"}],"wp:featuredmedia":[{"embeddable":true,"href":"https:\/\/restauranteplazacanalla.es\/fr\/wp-json\/wp\/v2\/media\/2394"}],"wp:attachment":[{"href":"https:\/\/restauranteplazacanalla.es\/fr\/wp-json\/wp\/v2\/media?parent=2189"}],"wp:term":[{"taxonomy":"portfolio-types","embeddable":true,"href":"https:\/\/restauranteplazacanalla.es\/fr\/wp-json\/wp\/v2\/portfolio-types?post=2189"}],"curies":[{"name":"wp","href":"https:\/\/api.w.org\/{rel}","templated":true}]}}

Alicante, ville d'expériences

<h1 class="wp-block-heading">ALICANTE</h1>



<h2 class="wp-block-heading">UN DES MEILLEURS ENDROITS POUR VIVRE</h2>



<p class="translation-block">En 2020 l'Expat City Ranking, une des études plus connues au monde sur la vie et le travail à l'étranger, a publié que Valence, Alicante, Malaga et Madrid figurent parmi les 10 meilleures villes au monde où vivre.</p>



<h4 class="wp-block-heading">Pourquoi?</h4>



<h2 class="wp-block-heading"><br><strong>LE CLIMAT</strong></h2>



<p>Si quelque chose définit Alicante, c'est le climat. Mais le climat par soi-même ne définit pas le bien-être, mais tout ce que le climat nous permet de faire, et en Alicante c'est tout ce que nous pouvons faire à l'extérieur presque toute l'année .</p>



<figure class="wp-block-image size-large"><img loading="lazy" decoding="async" width="1024" height="361" src="http://restauranteplazacanalla.es/wp-content/uploads/2014/05/plaza-AdobeStock_62286820-1024x683-1.jpg" alt="" class="wp-image-2578" srcset="https://restauranteplazacanalla.es/wp-content/uploads/2014/05/plaza-AdobeStock_62286820-1024x683-1.jpg 1024w, https://restauranteplazacanalla.es/wp-content/uploads/2014/05/plaza-AdobeStock_62286820-1024x683-1-300x106.jpg 300w, https://restauranteplazacanalla.es/wp-content/uploads/2014/05/plaza-AdobeStock_62286820-1024x683-1-768x271.jpg 768w, https://restauranteplazacanalla.es/wp-content/uploads/2014/05/plaza-AdobeStock_62286820-1024x683-1-260x92.jpg 260w, https://restauranteplazacanalla.es/wp-content/uploads/2014/05/plaza-AdobeStock_62286820-1024x683-1-50x18.jpg 50w, https://restauranteplazacanalla.es/wp-content/uploads/2014/05/plaza-AdobeStock_62286820-1024x683-1-150x53.jpg 150w, https://restauranteplazacanalla.es/wp-content/uploads/2014/05/plaza-AdobeStock_62286820-1024x683-1-600x212.jpg 600w" sizes="auto, (max-width: 1024px) 100vw, 1024px" /></figure>



<p>Peut-être c’est une évidence pour les personnes che vivent ici, mais l'année dernière, j'ai rencontré une Galicienne qui a choisi Alicante, alors c'est à travers les yeux des visitants qui nous choisissent que nous la chance qu’on a di vivre ici. Voulez-vous savoir qu'est-ce qu'elle m'a dit? Suivez le lien...</p>



<h2 class="wp-block-heading"><strong>L'EMPLACEMENT</strong></h2>



<p class="translation-block">Alicante est un lieu stratégique. Il a un port apour le tourisme, les événements maritimes et la capacité pour les marchandises. Un aéroport qui devient le 4ème d'Espagne en transit de voyageurs et la porte de la deuxième résidence européenne et du tourisme soleil et plage. Une gare AVE qui place Alicante à seulement deux heures et demie de la capitale espagnole. C’est un point de repère de l'autoroute A7, épine dorsale du transport routier méditerranéen.</p>



<h2 class="wp-block-heading"><strong>DES INFRASTRUCTURES</strong></h2>



<p>Des magnifiques hôtels, un restaurant émergent et identitaire et d'autres services indirects, définissent la ville d'Alicante comme un lieu idéal pour profiter du séjour de vacances et s'établir comme une base de connexion pour des expériences inoubliables, à l'intérieur et à l'extérieur de la ville.&nbsp;&nbsp;</p>



<figure class="wp-block-image size-large"><img loading="lazy" decoding="async" width="1024" height="361" src="http://restauranteplazacanalla.es/wp-content/uploads/2014/05/ALicante-night.jpg" alt="" class="wp-image-2581" srcset="https://restauranteplazacanalla.es/wp-content/uploads/2014/05/ALicante-night.jpg 1024w, https://restauranteplazacanalla.es/wp-content/uploads/2014/05/ALicante-night-300x106.jpg 300w, https://restauranteplazacanalla.es/wp-content/uploads/2014/05/ALicante-night-768x271.jpg 768w, https://restauranteplazacanalla.es/wp-content/uploads/2014/05/ALicante-night-260x92.jpg 260w, https://restauranteplazacanalla.es/wp-content/uploads/2014/05/ALicante-night-50x18.jpg 50w, https://restauranteplazacanalla.es/wp-content/uploads/2014/05/ALicante-night-150x53.jpg 150w, https://restauranteplazacanalla.es/wp-content/uploads/2014/05/ALicante-night-600x212.jpg 600w" sizes="auto, (max-width: 1024px) 100vw, 1024px" /></figure>



<h2 class="wp-block-heading"><strong>EXPÉRIENCES</strong></h2>



<p>Alicante se distingue par son offre de loisirs : récréative, gastronomique, shopping... Alicante est belle, mais sa région l'est encore plus.

 Alicante est entourée de plages inoubliables, des montagnes surprenants (en fait, est la 2ème province la plus montagneuse d'Espagne), les parcs de loisirs de Benidorm etc. Dans Alicante tu vivras de lieux et d'expériences de qualité que peu connaissent.</p>



<figure class="wp-block-image size-large"><img loading="lazy" decoding="async" width="1024" height="361" src="http://restauranteplazacanalla.es/wp-content/uploads/2014/05/moraira-.jpg" alt="" class="wp-image-2576" srcset="https://restauranteplazacanalla.es/wp-content/uploads/2014/05/moraira-.jpg 1024w, https://restauranteplazacanalla.es/wp-content/uploads/2014/05/moraira--300x106.jpg 300w, https://restauranteplazacanalla.es/wp-content/uploads/2014/05/moraira--768x271.jpg 768w, https://restauranteplazacanalla.es/wp-content/uploads/2014/05/moraira--260x92.jpg 260w, https://restauranteplazacanalla.es/wp-content/uploads/2014/05/moraira--50x18.jpg 50w, https://restauranteplazacanalla.es/wp-content/uploads/2014/05/moraira--150x53.jpg 150w, https://restauranteplazacanalla.es/wp-content/uploads/2014/05/moraira--600x212.jpg 600w" sizes="auto, (max-width: 1024px) 100vw, 1024px" /></figure>



<p>….</p>



<p>Sur la Plaza Canalla, nous voulons apporter notre petit grain de sable et servir de base pour recommander les grandes valeurs touristiques de la ville qui nous a donné tant des choses.</p>

<p>ALICANTE UNO DE LOS MEJORES LUGARES PARA VIVIR El Expat City Ranking, uno de los estudios más extensos en el mundo sobre vivir y trabajar en<span class="excerpt-hellip"> […]</span></p>
